[INFO] cloning repository https://github.com/QiBaobin/mouse-auto-mover
[INFO] running `Command { std: "git" "-c" "credential.helper=" "-c" "credential.helper=/workspace/cargo-home/bin/git-credential-null" "clone" "--bare" "https://github.com/QiBaobin/mouse-auto-mover" "/workspace/cache/git-repos/https%3A%2F%2Fgithub.com%2FQiBaobin%2Fmouse-auto-mover", kill_on_drop: false }`
[INFO] [stderr] Cloning into bare repository '/workspace/cache/git-repos/https%3A%2F%2Fgithub.com%2FQiBaobin%2Fmouse-auto-mover'...
[INFO] running `Command { std: "git" "rev-parse" "HEAD", kill_on_drop: false }`
[INFO] [stdout] bc731e77d0cae1c967e58f8fc75dbd6a4be362e4
[INFO] checking QiBaobin/mouse-auto-mover against try#72f88fc4e9458f89516a0b8b0868f3718aec5b47 for pr-74989
[INFO] running `Command { std: "git" "clone" "/workspace/cache/git-repos/https%3A%2F%2Fgithub.com%2FQiBaobin%2Fmouse-auto-mover" "/workspace/builds/worker-8/source", kill_on_drop: false }`
[INFO] [stderr] Cloning into '/workspace/builds/worker-8/source'...
[INFO] [stderr] done.
[INFO] validating manifest of git repo https://github.com/QiBaobin/mouse-auto-mover on toolchain 72f88fc4e9458f89516a0b8b0868f3718aec5b47
[INFO] running `Command { std: "/workspace/cargo-home/bin/cargo" "+72f88fc4e9458f89516a0b8b0868f3718aec5b47" "read-manifest" "--manifest-path" "Cargo.toml", kill_on_drop: false }`
[INFO] started tweaking git repo https://github.com/QiBaobin/mouse-auto-mover
[INFO] finished tweaking git repo https://github.com/QiBaobin/mouse-auto-mover
[INFO] tweaked toml for git repo https://github.com/QiBaobin/mouse-auto-mover written to /workspace/builds/worker-8/source/Cargo.toml
[INFO] crate git repo https://github.com/QiBaobin/mouse-auto-mover already has a lockfile, it will not be regenerated
[INFO] running `Command { std: "/workspace/cargo-home/bin/cargo" "+72f88fc4e9458f89516a0b8b0868f3718aec5b47" "fetch" "--locked" "--manifest-path" "Cargo.toml", kill_on_drop: false }`
[INFO] running `Command { std: "docker" "create" "-v" "/var/lib/crater-agent-workspace/builds/worker-8/target:/opt/rustwide/target:rw,Z" "-v" "/var/lib/crater-agent-workspace/builds/worker-8/source:/opt/rustwide/workdir:ro,Z" "-v" "/var/lib/crater-agent-workspace/cargo-home:/opt/rustwide/cargo-home:ro,Z" "-v" "/var/lib/crater-agent-workspace/rustup-home:/opt/rustwide/rustup-home:ro,Z" "-e" "SOURCE_DIR=/opt/rustwide/workdir" "-e" "CARGO_TARGET_DIR=/opt/rustwide/target" "-e" "CARGO_HOME=/opt/rustwide/cargo-home" "-e" "RUSTUP_HOME=/opt/rustwide/rustup-home" "-w" "/opt/rustwide/workdir" "-m" "1610612736" "--user" "0:0" "--network" "none" "rustops/crates-build-env@sha256:d92eaeed33fa75130ca1ee6c8a01d1ffb62bac859dfdfb3450e3e5d1c0146529" "/opt/rustwide/cargo-home/bin/cargo" "+72f88fc4e9458f89516a0b8b0868f3718aec5b47" "metadata" "--no-deps" "--format-version=1", kill_on_drop: false }`
[INFO] [stderr] WARNING: Your kernel does not support swap limit capabilities or the cgroup is not mounted. Memory limited without swap.
[INFO] [stdout] a8fa1636e68221e61ffb30bb0b21e509ae6614a1ccbabd951133abd0edce6c2c
[INFO] running `Command { std: "docker" "start" "-a" "a8fa1636e68221e61ffb30bb0b21e509ae6614a1ccbabd951133abd0edce6c2c", kill_on_drop: false }`
[INFO] running `Command { std: "docker" "inspect" "a8fa1636e68221e61ffb30bb0b21e509ae6614a1ccbabd951133abd0edce6c2c", kill_on_drop: false }`
[INFO] running `Command { std: "docker" "rm" "-f" "a8fa1636e68221e61ffb30bb0b21e509ae6614a1ccbabd951133abd0edce6c2c", kill_on_drop: false }`
[INFO] [stdout] a8fa1636e68221e61ffb30bb0b21e509ae6614a1ccbabd951133abd0edce6c2c
[INFO] running `Command { std: "docker" "create" "-v" "/var/lib/crater-agent-workspace/builds/worker-8/target:/opt/rustwide/target:rw,Z" "-v" "/var/lib/crater-agent-workspace/builds/worker-8/source:/opt/rustwide/workdir:ro,Z" "-v" "/var/lib/crater-agent-workspace/cargo-home:/opt/rustwide/cargo-home:ro,Z" "-v" "/var/lib/crater-agent-workspace/rustup-home:/opt/rustwide/rustup-home:ro,Z" "-e" "SOURCE_DIR=/opt/rustwide/workdir" "-e" "CARGO_TARGET_DIR=/opt/rustwide/target" "-e" "CARGO_INCREMENTAL=0" "-e" "RUST_BACKTRACE=full" "-e" "RUSTFLAGS=--cap-lints=forbid" "-e" "CARGO_HOME=/opt/rustwide/cargo-home" "-e" "RUSTUP_HOME=/opt/rustwide/rustup-home" "-w" "/opt/rustwide/workdir" "-m" "1610612736" "--user" "0:0" "--network" "none" "rustops/crates-build-env@sha256:d92eaeed33fa75130ca1ee6c8a01d1ffb62bac859dfdfb3450e3e5d1c0146529" "/opt/rustwide/cargo-home/bin/cargo" "+72f88fc4e9458f89516a0b8b0868f3718aec5b47" "check" "--frozen" "--all" "--all-targets" "--message-format=json", kill_on_drop: false }`
[INFO] [stdout] 0ff111ef74c51150955576b4006b10b51ef8d7b472962adf4fe12f4d3c26f8b2
[INFO] [stderr] WARNING: Your kernel does not support swap limit capabilities or the cgroup is not mounted. Memory limited without swap.
[INFO] running `Command { std: "docker" "start" "-a" "0ff111ef74c51150955576b4006b10b51ef8d7b472962adf4fe12f4d3c26f8b2", kill_on_drop: false }`
[INFO] [stderr]    Compiling proc-macro2 v1.0.17
[INFO] [stderr]    Compiling unicode-xid v0.2.0
[INFO] [stderr]    Compiling version_check v0.9.2
[INFO] [stderr]    Compiling syn v1.0.27
[INFO] [stderr]    Compiling bitflags v1.2.1
[INFO] [stderr]    Compiling unicode-segmentation v1.6.0
[INFO] [stderr]     Checking unicode-width v0.1.7
[INFO] [stderr]    Compiling pkg-config v0.3.17
[INFO] [stderr]     Checking strsim v0.8.0
[INFO] [stderr]     Checking ansi_term v0.11.0
[INFO] [stderr]     Checking vec_map v0.8.2
[INFO] [stderr]     Checking atty v0.2.14
[INFO] [stderr]     Checking textwrap v0.11.0
[INFO] [stderr]    Compiling proc-macro-error-attr v1.0.2
[INFO] [stderr]    Compiling proc-macro-error v1.0.2
[INFO] [stderr]     Checking clap v2.33.1
[INFO] [stderr]    Compiling heck v0.3.1
[INFO] [stderr]    Compiling enigo v0.0.14
[INFO] [stderr]    Compiling quote v1.0.6
[INFO] [stderr]    Compiling syn-mid v0.5.0
[INFO] [stderr]    Compiling structopt-derive v0.4.7
[INFO] [stderr]     Checking structopt v0.3.14
[INFO] [stderr]     Checking mouse-mover v0.1.3 (/opt/rustwide/workdir)
[INFO] [stdout] error[E0599]: no function or associated item named `main_display_size` found for struct `enigo::Enigo` in the current scope
[INFO] [stdout]   --> src/main.rs:35:23
[INFO] [stdout]    |
[INFO] [stdout] 35 |     let size = Enigo::main_display_size();
[INFO] [stdout]    |                       ^^^^^^^^^^^^^^^^^ function or associated item not found in `enigo::Enigo`
[INFO] [stdout] 
[INFO] [stdout] 
[INFO] [stdout] error[E0599]: no function or associated item named `mouse_location` found for struct `enigo::Enigo` in the current scope
[INFO] [stdout]   --> src/main.rs:43:31
[INFO] [stdout]    |
[INFO] [stdout] 43 |         let position = Enigo::mouse_location();
[INFO] [stdout]    |                               ^^^^^^^^^^^^^^ function or associated item not found in `enigo::Enigo`
[INFO] [stdout] 
[INFO] [stdout] 
[INFO] [stdout] error[E0599]: no function or associated item named `mouse_location` found for struct `enigo::Enigo` in the current scope
[INFO] [stdout]   --> src/main.rs:56:35
[INFO] [stdout]    |
[INFO] [stdout] 56 |         let new_position = Enigo::mouse_location();
[INFO] [stdout]    |                                   ^^^^^^^^^^^^^^ function or associated item not found in `enigo::Enigo`
[INFO] [stdout] 
[INFO] [stdout] 
[INFO] [stdout] error: aborting due to 3 previous errors
[INFO] [stdout] 
[INFO] [stdout] 
[INFO] [stdout] For more information about this error, try `rustc --explain E0599`.
[INFO] [stdout] 
[INFO] [stderr] error: could not compile `mouse-mover`.
[INFO] [stderr] 
[INFO] [stderr] To learn more, run the command again with --verbose.
[INFO] [stderr] warning: build failed, waiting for other jobs to finish...
[INFO] [stdout] error[E0599]: no function or associated item named `main_display_size` found for struct `enigo::Enigo` in the current scope
[INFO] [stdout]   --> src/main.rs:35:23
[INFO] [stdout]    |
[INFO] [stdout] 35 |     let size = Enigo::main_display_size();
[INFO] [stdout]    |                       ^^^^^^^^^^^^^^^^^ function or associated item not found in `enigo::Enigo`
[INFO] [stdout] 
[INFO] [stdout] 
[INFO] [stdout] error[E0599]: no function or associated item named `mouse_location` found for struct `enigo::Enigo` in the current scope
[INFO] [stdout]   --> src/main.rs:43:31
[INFO] [stdout]    |
[INFO] [stdout] 43 |         let position = Enigo::mouse_location();
[INFO] [stdout]    |                               ^^^^^^^^^^^^^^ function or associated item not found in `enigo::Enigo`
[INFO] [stdout] 
[INFO] [stdout] 
[INFO] [stdout] error[E0599]: no function or associated item named `mouse_location` found for struct `enigo::Enigo` in the current scope
[INFO] [stdout]   --> src/main.rs:56:35
[INFO] [stdout]    |
[INFO] [stdout] 56 |         let new_position = Enigo::mouse_location();
[INFO] [stdout]    |                                   ^^^^^^^^^^^^^^ function or associated item not found in `enigo::Enigo`
[INFO] [stdout] 
[INFO] [stdout] 
[INFO] [stdout] error: aborting due to 3 previous errors
[INFO] [stdout] 
[INFO] [stdout] 
[INFO] [stdout] For more information about this error, try `rustc --explain E0599`.
[INFO] [stdout] 
[INFO] [stderr] error: build failed
[INFO] running `Command { std: "docker" "inspect" "0ff111ef74c51150955576b4006b10b51ef8d7b472962adf4fe12f4d3c26f8b2", kill_on_drop: false }`
[INFO] running `Command { std: "docker" "rm" "-f" "0ff111ef74c51150955576b4006b10b51ef8d7b472962adf4fe12f4d3c26f8b2", kill_on_drop: false }`
[INFO] [stdout] 0ff111ef74c51150955576b4006b10b51ef8d7b472962adf4fe12f4d3c26f8b2
